t of k(9)?
3
Let h = -100 - -197. What is the tens digit of h?
9
What is the tens digit of (-1046)/(-7) + (-33)/77?
4
Let r be (6 - 6)*(-2)/(-4). Suppose -a + 122 = 4*j - 3*a, r = j + 3*a - 13. What is the tens digit of j?
2
What is the tens digit of ((-483)/6)/(-7)*6?
6
Let c(s) be the third derivative of -s**6/120 - s**5/20 - s**4/24 + 2*s**3/3 - 7*s**2. What is the tens digit of c(-4)?
2
Let s(z) = 81*z + 9. What is the units digit of s(4)?
3
What is the tens digit of 339/6 + (-6)/12?
5
Let w(d) be the first derivative of -d**5/60 - 3*d**4/8 + d**3/3 + 3*d**2/2 + 1. Let h(g) be the second derivative of w(g). What is the units digit of h(-8)?
0
Let v(k) = -k**2 - 3*k - 2. Suppose -10 = 5*o - 0*o. Let u be v(o). Suppose -2*h + 4 = -u. What is the units digit of h?
2
Let t = -116 + 212. What is the tens digit of t?
9
Suppose -k + 20 - 6 = 4*i, 0 = i - 2. Suppose q - k = -1. What is the units digit of q?
5
Let q be ((-4)/8)/((-2)/8). Suppose 5*n = q*h + 18, 2*n + 21 = 7*n + h. What is the units digit of n?
4
What is the tens digit of -2 + 4*19/2?
3
What is the units digit of (-622)/(-10) - (-7)/(-35)?
2
Let o(p) = -3 + 1 + 1 - 2*p + 3*p. Let w be o(1). Suppose -3*q + w + 15 = 0. What is the units digit of q?
5
Let x be 6*((-2)/4 - -1). Let z(v) = 0 - 2*v - x*v + 7*v - 6. What is the units digit of z(5)?
4
Let g = 43 - 15. What is the units digit of g?
8
Let t be 35*1 + 5/5. Suppose -3*h + 39 = -t. Let b = -16 + h. What is the units digit of b?
9
Let a(j) = 2*j + 1. Let u(i) = -i**3 - 4*i**2 + i + 2. Let h be u(-4). Let o be (-11)/h - (-9)/6. What is the tens digit of a(o)?
1
Suppose m - 31 = 5*k, k - 187 = -5*m + m. Let x(v) = -4*v - 19. Let a be x(-13). Let q = m - a. What is the tens digit of q?
1
Suppose 0*d - 1 = -d + 3*l, -3*d = 2*l - 14. Suppose g + d*g - 190 = 0. What is the units digit of g?
8
Suppose -p - 4*t + 5 = -14, 5*p = -3*t + 44. Suppose p*k - 64 = 3*k. What is the units digit of k?
6
Suppose 0 = 3*v - 2*k - 43 - 489, -4*k = 4*v - 676. What is the units digit of v?
4
Suppose 4*x = 4*v + v - 1256, 0 = -4*v + 5*x + 1012. What is the units digit of v?
8
Let h(a) = -a + 29. What is the tens digit of h(0)?
2
Let y(a) = -a**2 - 3*a + 3. Let m be y(-4). What is the units digit of -2 - 3/(-1) - m?
2
Let l = 66 - 34. Suppose -s + l = 3*s. What is the units digit of s?
8
Suppose -2*x + 5 = 3*x. What is the units digit of -1 - x - (-10 + 3)?
5
Let l = 11 + -9. Suppose -3*r + 1 = u, 7*r - 11 = -3*u + l*r. What is the units digit of u?
7
Suppose -2*n + 459 - 89 = 0. What is the units digit of n?
5
Let j be 8/28 - 33/(-7). Suppose -5 - j = -2*y, i + 2*y = 4. What is the units digit of (-68)/i*(-18)/(-12)?
7
Let x = -2 - -4. Let b be ((-4)/10)/(x/(-20)). Suppose -b*o = -3*o - 9. What is the units digit of o?
9
Let u = -29 + -9. Let w be 6/4 - u/4. Suppose a + a - 2*r = 18, a = -4*r - w. What is the units digit of a?
5
Let f(u) = u**2 + 5*u. Let t be f(-5). Suppose -b = -4 - t. Suppose 3*k - 1 = -4*j + 16, 2*j = -b*k + 6. What is the units digit of j?
5
Suppose -4*p + 4 = -4. Suppose 0 = -p*f + s + 15, 3*s + 0 = 3. What is the units digit of -2 + f - -2 - 1?
7
Let w = -73 - -125. What is the units digit of w?
2
Let a = 220 - 125. Suppose -a = 5*d + 3*r + 10, -2*r - 64 = 3*d. What is the tens digit of 4/(12/(-9)) - d?
1
Let v be 1 + 2 - 1 - -1. What is the tens digit of 52/v + (-1)/3?
1
What is the units digit of (-6)/33 + (-1000)/(-55)?
8
Suppose 0*x + 5*x - 150 = 0. What is the tens digit of x?
3
Let b(g) = -g**2 + 3*g + 4. Let v be b(4). Suppose -11 = -4*w - v*f + 3*f, 4*w + f - 7 = 0. What is the units digit of w?
2
Let x = 17 - 13. What is the units digit of x?
4
Let g be 17/(-3) + (-2)/(-3). Let n be ((-6)/g)/((-3)/(-20)). Suppose -10 = -5*a, -4*x = -2*a - 28 + n. What is the units digit of x?
6
Suppose -4*d - 209 = 3*a, -2*d - 2*a = -4*a + 94. Let m = -1 - d. What is the tens digit of m?
4
Let h = -1 + 5. Suppose 37 = 3*v - h*j, -2*v = -2*j - 26 - 2. Suppose 4*n + 24 = 8*n - r, 3*r - v = -n. What is the units digit of n?
7
Suppose v + 4 = 2*v. Suppose -66 = -3*j - 3*n, v*j - 82 = -5*n + 9. What is the units digit of j?
9
Let g(l) = -l**2 - 5*l + 3. Let j(d) = -d**3 + 2*d**2 + 2*d - 2. Let f be 30/12 + (-1)/(-2). Let i be j(f). What is the units digit of g(i)?
3
Suppose -15 = -2*b + 3*g, 5*g + 20 = b + 2*b. Let i = -9 - b. Let w = i + 36. What is the tens digit of w?
1
Suppose 0 = 4*t - 0*t - 20. Suppose -4*d + t*q = -2, d - q + 0 = 1. Suppose -3*x = d, -x = -5*g - 0*x + 6. What is the units digit of g?
1
What is the tens digit of ((-40)/(-6))/(2/12)?
4
Let d(m) = -m**3 - m**2 + m - 2. Let a be d(-2). Let r = a + 2. What is the units digit of 7 + r + -1 + -1?
7
Let t(v) = v + 1. Let r be t(-2). What is the tens digit of (r - -18) + 21/(-7)?
1
What is the tens digit of ((-24)/(-20))/(-3)*-100?
4
Let m(l) = -123*l**3 + l**2 + 2*l + 1. Let d be m(-1). What is the units digit of 3/(9/d) + 2?
3
Let r = 3 - 2. Suppose 3 = 2*h - r. What is the units digit of h?
2
Let a = -16 - -17. Suppose -a + 16 = 3*u. What is the units digit of u?
5
Let b(o) = 5*o**2 - o - 1. Suppose -3*m = 2 + 1. Let f be b(m). Suppose f*u + 2*a + 3 = 12, -12 = 4*a. What is the units digit of u?
3
Let u(s) = -21*s + 22. What is the units digit of u(-14)?
6
Suppose -2*k = -w - k + 136, -5*w = -k - 676. Suppose 3*m = 5*p - w, p + m - 5 = 14. What is the tens digit of p?
2
Let u(c) = c**2 + 9*c + 24. What is the tens digit of u(-8)?
1
Let u(i) = -12*i - 2. Let m be u(1). What is the tens digit of (-48)/m*(4 - -3)?
2
Let o be (4/(-8))/(1/(-6)). Suppose 0 = -4*s - o*h + 33 - 14, 4*h + 26 = 2*s. Let g = s - 5. What is the units digit of g?
2
Suppose -4*f + 5 + 19 = 0. What is the units digit of f?
6
Suppose -5*i + i + 96 = 5*j, -3*j + 4*i = -32. What is the tens digit of j?
1
What is the tens digit of (-34)/85*(-1 - 329)?
3
Suppose -x = -3*x. Let v be ((-8)/10)/((-2)/5). Suppose -46 = -v*d - x*d. What is the tens digit of d?
2
Let j be -2*(9/2 - 4). What is the tens digit of (1 - j) + 4 + 33?
3
Suppose -5*i + y + 0*y = -9, i + 5*y = 7. Suppose -11 - 7 = -i*m. What is the units digit of m?
9
Let v(s) = s**3 + 4*s**2 + 2*s + 4. Let p be -3*1*(3 - 2). What is the units digit of v(p)?
7
Suppose -2*k + 14 = 3*p - 1, 3*p = -k + 15. Suppose 3*u - u + p = 3*m, -2*m + 10 = 0. What is the units digit of u?
5
Let q be 0/2 + (-1 - -7). Let h be 8/((-1)/((-3)/q)). Suppose -5*w - h*t + 67 = 4, -4*w + 42 = -t. What is the units digit of w?
1
Suppose -5*c = 50 + 150. Let o = 26 - c. Let a = o + -47. What is the tens digit of a?
1
Let w(c) = c**3 + 2*c**2 - c + 1. Let y be w(-2). Let x(i) = 2*i. Let p be x(2). Suppose y*m + 5*v = 21, -v = -p*m + v + 54. What is the units digit of m?
2
Let n = 3 - -2. Suppose 11 = n*m - 29. What is the units digit of m?
8
Suppose 0 = 3*b + 6, 0 = -11*s + 6*s - 5*b + 925. What is the tens digit of s?
8
Let v = -2 - -2. Let d be (4/(-7))/(30/(-105)). Suppose -d*y + 18 + 10 = v. What is the units digit of y?
4
Suppose 0 = -5*s + 20 + 20. Let h = 3 + s. Suppose -h = -3*l + 1. What is the units digit of l?
4
Let d = -5 - 10. What is the units digit of ((-27)/(-15))/((-3)/d)?
9
Let w = -1 - 3. Let v(c) = -c**2 - c + 5. Let i be v(w). Let y(z) = z**3 + 6*z**2 - 8*z - 4. What is the units digit of y(i)?
3
Let i = -18 + 43. Let a be 215/i + 3/(-5). Suppose 4*k - 28 = a. What is the units digit of k?
9
Suppose 3*n + 42 - 192 = j, -3*n + 4*j = -141. What is the tens digit of n?
5
Let z be (120/(-18))/((-3)/9). Suppose 0 = 3*r - 61 - z. What is the tens digit of r?
2
Suppose -q = -1 - 15. Suppose b = -3*b + q. What is the units digit of b?
4
Let u be (27/12)/((-12)/32). Let r = u - -12. What is the units digit of r?
6
Suppose -2*d + 4*c + 140 = 2*d, -2*d + 70 = 3*c. What is the tens digit of d + 1*(-3 - -2)?
3
Let r(d) = d**2 + 3*d. Let m be r(-4). Suppose -3*p = p - m. Suppose 2*c - p = 3*y + 2, -1 = c - 2*y. What is the units digit of c?
9
Let t(u) be the second derivative of u**6/120 - u**4/12 - u**3/6 + u**2/2 - 4*u. Let k(g) be the first derivative of t(g). What is the units digit of k(2)?
3
Suppose 4*k - 194 = -2*y, -4*k + 92 = -2*k - 4*y. Let d = k - 29. Suppose -4*u = -12, 4*v + 3*u - 6 - d = 0. What is the units digit of v?
4
What is the hundreds digit of (3 - 2)*